{"id":40,"date":"2019-01-14T15:04:22","date_gmt":"2019-01-14T14:04:22","guid":{"rendered":"https:\/\/katalog.msl-logistics.de\/?page_id=40"},"modified":"2020-01-22T14:59:41","modified_gmt":"2020-01-22T13:59:41","slug":"nutzungsbedingungen","status":"publish","type":"page","link":"https:\/\/messelager.volkswagen.de\/?page_id=40","title":{"rendered":"Nutzungsbedingungen"},"content":{"rendered":"<div class=\"in\">\n<h2>Nutzungsbedingungen f\u00fcr den Login-Bereich von Messelager <\/h2>\n<p>1. Allgemeines <\/p>\n<p>Volkswagen Messelager stellt eine breite Auswahl an Veranstaltungsmodulen und Equipment zur Verf\u00fcgung, die f\u00fcr Events und Messen reserviert und gemietet werden k\u00f6nnen. Auf dieser Webseite (unter der Rubrik \u201eArtikel\u201c) k\u00f6nnen Sie sich einen \u00dcberblick \u00fcber das vorhandene Messeequipment verschaffen. <\/p>\n<p>2.  Unverbindliche Informationen <\/p>\n<p>Die Informationen auf dieser Webseite dienen allein der Kundeninformation. Sie sind unverbindlich und k\u00f6nnen jederzeit einseitig durch die Volkswagen AG ge\u00e4ndert werden. Hinsichtlich der Richtigkeit, Aktualit\u00e4t und Vollst\u00e4ndigkeit der Informationen \u00fcbernimmt die Volkswagen AG keine Gew\u00e4hr.<\/p>\n<p>3. Registrierung bei Volkswagen Messelager<\/p>\n<p>Um unser Angebot einsehen zu k\u00f6nnen, m\u00fcssen Sie sich registrieren, indem Sie ein Kundenkonto anlegen. Die Pr\u00e4sentation von Messeequipment auf dieser Webseite stellt kein verbindliches Angebot dar, es handelt sich lediglich um eine Aufforderung zur Bestellung (invitatio ad offerendum). Der Vertragsschluss erfolgt ausschlie\u00dflich telefonisch, per E-Mail oder vor Ort.<\/p>\n<p>4. Regelungen f\u00fcr Passwort<\/p>\n<p>Bei der Registrierung vergeben Sie ein pers\u00f6nliches Passwort f\u00fcr Ihr Kundenkonto. Das von Ihnen frei gew\u00e4hlte Passwort darf keine auff\u00e4lligen Wiederholungen desselben Zeichens beinhalten und nicht aus allgemein bekannten W\u00f6rtern und Namen bestehen. Das Passwort ist von Ihnen geheim zu halten, um Missbrauch zu vermeiden. Sobald Sie Grund zu der Annahme haben, dass unberechtigte Dritte Kenntnis von Ihrem Passwort erlangt haben, m\u00fcssen Sie dieses unverz\u00fcglich \u00e4ndern.<\/p>\n<p>5. Haftungsausschluss<\/p>\n<p>Die Volkswagen AG ist nicht verantwortlich f\u00fcr Sch\u00e4den, die dadurch entstehen, dass der Vertragspartner f\u00fcr das Kundenkonto ein ungeeignetes Passwort gew\u00e4hlt oder das Passwort nicht sicher verwahrt hat oder f\u00fcr Sch\u00e4den, die durch einen Dritten verursacht werden, dem der Vertragspartner den Zugriff auf sein Kundenkonto erm\u00f6glicht hat.<\/p>\n<p>November 2019<\/p>\n<\/div>\n","protected":false},"excerpt":{"rendered":"<p>Nutzungsbedingungen f\u00fcr den Login-Bereich von Messelager 1. Allgemeines Volkswagen Messelager stellt eine breite Auswahl an Veranstaltungsmodulen und Equipment zur Verf\u00fcgung, die f\u00fcr Events und Messen reserviert und gemietet werden k\u00f6nnen. Auf dieser Webseite (unter der Rubrik \u201eArtikel\u201c) k\u00f6nnen Sie sich einen \u00dcberblick \u00fcber das vorhandene Messeequipment verschaffen. 2. Unverbindliche Informationen Die Informationen auf dieser Webseite [&hellip;]<\/p>\n","protected":false},"author":1,"featured_media":0,"parent":0,"menu_order":0,"comment_status":"closed","ping_status":"closed","template":"","meta":{"footnotes":""},"class_list":["post-40","page","type-page","status-publish","hentry"],"_links":{"self":[{"href":"https:\/\/messelager.volkswagen.de\/index.php?rest_route=\/wp\/v2\/pages\/40","targetHints":{"allow":["GET"]}}],"collection":[{"href":"https:\/\/messelager.volkswagen.de\/index.php?rest_route=\/wp\/v2\/pages"}],"about":[{"href":"https:\/\/messelager.volkswagen.de\/index.php?rest_route=\/wp\/v2\/types\/page"}],"author":[{"embeddable":true,"href":"https:\/\/messelager.volkswagen.de\/index.php?rest_route=\/wp\/v2\/users\/1"}],"replies":[{"embeddable":true,"href":"https:\/\/messelager.volkswagen.de\/index.php?rest_route=%2Fwp%2Fv2%2Fcomments&post=40"}],"version-history":[{"count":12,"href":"https:\/\/messelager.volkswagen.de\/index.php?rest_route=\/wp\/v2\/pages\/40\/revisions"}],"predecessor-version":[{"id":14990,"href":"https:\/\/messelager.volkswagen.de\/index.php?rest_route=\/wp\/v2\/pages\/40\/revisions\/14990"}],"wp:attachment":[{"href":"https:\/\/messelager.volkswagen.de\/index.php?rest_route=%2Fwp%2Fv2%2Fmedia&parent=40"}],"curies":[{"name":"wp","href":"https:\/\/api.w.org\/{rel}","templated":true}]}}